92?
8
Calculate the highest common factor of 21 and 10479.
21
What is the highest common factor of 95 and 10?
5
What is the highest common divisor of 17 and 323?
17
Calculate the greatest common divisor of 39 and 169.
13
Calculate the highest common divisor of 1152 and 9.
9
What is the highest common factor of 23 and 713?
23
Calculate the greatest common divisor of 32 and 2144.
32
What is the highest common divisor of 2 and 6?
2
What is the highest common divisor of 112 and 196?
28
Calculate the greatest common divisor of 4 and 508.
4
What is the greatest common divisor of 29 and 464?
29
Calculate the highest common divisor of 680 and 320.
40
What is the highest common divisor of 212 and 1325?
53
Calculate the highest common divisor of 62 and 36363.
31
Calculate the highest common divisor of 43 and 43.
43
What is the greatest common divisor of 712 and 856?
8
What is the greatest common factor of 112 and 63?
7
What is the highest common factor of 63 and 99?
9
Calculate the greatest common divisor of 96 and 408.
24
Calculate the highest common divisor of 42 and 112.
14
Calculate the greatest common factor of 35 and 2.
1
What is the highest common divisor of 27 and 495?
9
Calculate the highest common divisor of 24 and 348.
12
Calculate the greatest common divisor of 119 and 34.
17
What is the highest common factor of 10411 and 1436?
359
Calculate the highest common divisor of 13 and 377.
13
Calculate the highest common factor of 400 and 1072.
16
What is the greatest common factor of 28712 and 582?
194
Calculate the highest common factor of 320 and 295.
5
What is the greatest common divisor of 96 and 1840?
16
Calculate the highest common divisor of 696 and 36.
12
What is the highest common divisor of 140 and 80?
20
What is the greatest common factor of 30 and 1230?
30
What is the highest common factor of 304 and 64?
16
Calculate the greatest common factor of 402 and 12.
6
Calculate the greatest common factor of 114422 and 154.
154
Calculate the highest common factor of 682 and 44.
22
Calculate the highest common divisor of 1325 and 25.
25
Calculate the highest common divisor of 11 and 3223.
11
Calculate the greatest common divisor of 2695 and 196.
49
What is the greatest common factor of 1240 and 16616?
248
Calculate the greatest common divisor of 2040 and 39270.
510
What is the highest common divisor of 276 and 108?
12
Calculate the greatest common factor of 147 and 3430.
49
Calculate the greatest common factor of 466 and 24.
2
What is the greatest common divisor of 13 and 91?
13
Calculate the greatest common factor of 2538 and 81.
27
Calculate the greatest common factor of 20 and 4.
4
What is the greatest common divisor of 40 and 56?
8
What is the highest common divisor of 168 and 264?
24
Calculate the highest common factor of 141 and 17531.
47
Calculate the greatest common divisor of 297 and 231.
33
Calculate the greatest common divisor of 120 and 520.
40
What is the highest common factor of 92 and 2461?
23
Calculate the highest common divisor of 33 and 2673.
33
Calculate the highest common factor of 46859 and 47.
47
What is the greatest common factor of 1739 and 1443?
37
Calculate the highest common factor of 2501 and 164.
41
What is the greatest common divisor of 69 and 18?
3
What is the highest common divisor of 23 and 3910?
23
Calculate the greatest common divisor of 14948 and 148.
148
Calculate the highest common factor of 2 and 22.
2
What is the greatest common divisor of 154 and 1442?
14
Calculate the highest common factor of 4769 and 76.
19
What is the greatest common factor of 694 and 22?
2
Calculate the greatest common factor of 385 and 275.
55
What is the greatest common factor of 24 and 15?
3
What is the highest common factor of 6 and 39?
3
Calculate the greatest common divisor of 56 and 8.
8
What is the highest common factor of 3354 and 858?
78
Calculate the highest common factor of 12 and 84.
12
What is the highest common divisor of 1057 and 10117?
151
Calculate the highest common factor of 7154 and 882.
98
What is the greatest common divisor of 380 and 304?
76
What is the greatest common divisor of 1771 and 308?
77
What is the greatest common factor of 825 and 968?
11
What is the greatest common factor of 292 and 10366?
146
Calculate the highest common factor of 192 and 6.
6
Calculate the highest common divisor of 10403 and 309.
103
Calculate the highest common divisor of 8 and 444.
4
What is the greatest common divisor of 396 and 114?
6
Calculate the highest common divisor of 63 and 1197.
63
What is the highest common factor of 3848 and 104?
104
Calculate the greatest common factor of 476 and 204.
68
Calculate the highest common factor of 13 and 1417.
13
Calculate the highest common divisor of 26 and 2366.
26
Calculate the greatest common factor of 45 and 5.
5
What is the greatest common divisor of 910 and 65?
65
What is the highest common divisor of 2178 and 18?
18
What is the highest common factor of 8226 and 18?
18
Calculate the greatest common factor of 46 and 736.
46
Calculate the highest common factor of 576 and 632.
8
Calculate the highest common divisor of 4970 and 56.
14
Calculate the highest common divisor of 350 and 150.
50
Calculate the highest common factor of 338 and 182.
26
Calculate the greatest common divisor of 451 and 533.
41
Calculate the highest common factor of 1408 and 22.
22
Calculate the greatest common factor of 204 and 1700.
68
What is the highest common divisor of 15 and 1015?
5
Calculate the highest common factor of 20 and 4260.
20
Calculate the highest common factor of 325 and 13.
13
What is the greatest common divisor of 112 and 4494?
14
What is the greatest common factor of 49 and 245?
49
Calculate the greatest common divisor of 124 and 112.
4
Calculate the greatest common divisor of 73595 and 41.
41
What is the greatest common factor of 3 and 93?
3
Calculate the greatest common factor of 37 and 3478.
37
What is the highest common factor of 192 and 224?
32
What is the highest common factor of 42 and 14?
14
What is the greatest common factor of 688 and 2494?
86
What is the greatest common factor of 144 and 32?
16
What is the highest common factor of 119 and 28?
7
What is the greatest common factor of 910 and 1190?
70
Calculate the highest common factor of 95 and 20.
5
What is the greatest common factor of 177 and 236?
59
Calculate the highest common divisor of 3185 and 819.
91
What is the highest common factor of 128 and 15328?
32
Calculate the greatest common factor of 246 and 18.
6
What is the highest common divisor of 5115 and 31?
31
Calculate the highest common factor of 30 and 30.
30
Calculate the greatest common factor of 42 and 12.
6
What is the highest common factor of 11 and 4081?
11
Calculate the highest common factor of 475 and 25.
25
What is the highest common divisor of 44 and 16?
4
What is the highest common divisor of 112 and 98?
14
What is the highest common factor of 15 and 110?
5
Calculate the greatest common factor of 5084 and 1860.
124
What is the greatest common divisor of 7526 and 318?
106
What is the highest common divisor of 64 and 17?
1
What is the highest common divisor of 219 and 803?
73
Calculate the highest common factor of 35 and 287.
7
What is the highest common divisor of 3084 and 12?
12
What is the greatest common factor of 41 and 1599?
41
Calculate the greatest common factor of 308 and 42.
14
What is the greatest common factor of 36756 and 36?
36
What is the greatest common factor of 5 and 65?
5
Calculate the greatest common factor of 88 and 297.
11
Calculate the highest common factor of 575 and 200.
25
What is the greatest common factor of 10 and 70?
10
Calculate the greatest common factor of 1 and 131.
1
Calculate the highest common factor of 621 and 27.
27
What is the greatest common factor of 476 and 28?
28
What is the highest common factor of 1557 and 3979?
173
What is the greatest common factor of 15 and 395?
5
Calculate the highest common divisor of 432 and 8.
8
Calculate the highest common factor of 10 and 270.
10
What is the greatest common divisor of 93 and 9393?
93
What is the greatest common factor of 145 and 20?
5
What is the highest common divisor of 4 and 3?
1
What is the highest common factor of 8235 and 1080?
135
What is the highest common div